{"id":9251,"date":"2021-05-21T17:54:46","date_gmt":"2021-05-21T17:54:46","guid":{"rendered":"http:\/\/liceocaguas.com\/home2\/?page_id=9251"},"modified":"2024-10-09T02:37:06","modified_gmt":"2024-10-09T02:37:06","slug":"servicios-al-estudiante","status":"publish","type":"page","link":"http:\/\/liceocaguas.com\/home2\/servicios-al-estudiante\/","title":{"rendered":"Servicios al Estudiante"},"content":{"rendered":"<p><strong>Admisiones:<\/strong><\/p>\n<p>Sra. L\u00f3pez<br \/><a href=\"mailto:admisiones@liceocaguas.com\" title=\"\">admisiones@liceocaguas.com<\/a><\/p>\n<hr class=\"wp-block-separator has-css-opacity\"\/>\n<p><strong>Asistencia Econ\u00f3mica<\/strong>:<\/p>\n<p>Sra. Cintr\u00f3n<br \/><a href=\"mailto:asistenciaeconomica@liceocaguas.com\">asistenciaeconomica@liceocaguas.com<\/a><\/p>\n<hr class=\"wp-block-separator has-css-opacity\"\/>\n<p><strong>Colocaciones<\/strong>:<\/p>\n<p>Sra. Hern\u00e1ndez<br \/><a href=\"mailto:colocaciones@liceocaguas.com\">colocaciones@liceocaguas.com<\/a><\/p>\n<hr class=\"wp-block-separator has-css-opacity\"\/>\n<p><strong>Consejer\u00eda<\/strong>:<\/p>\n<p>Sra. Cabrera<br \/><a href=\"mailto:consejeria@liceocaguas.com\">consejeria@liceocaguas.com<\/a><\/p>\n<hr class=\"wp-block-separator has-css-opacity\"\/>\n<p><strong>Registradur\u00eda<\/strong>:<\/p>\n<p>Sra. V\u00e1zquez<br \/><a href=\"mailto:registraduria@liceocaguas.com\">registraduria@liceocaguas.com<\/a><\/p>\n<hr class=\"wp-block-separator has-css-opacity\"\/>\n<p><strong>Tesorer\u00eda<\/strong>:<\/p>\n<p>Sra. Cruz<br \/><a href=\"mailto:tesoraria@liceocaguas.com\">tesoraria@liceocaguas.com<\/a><\/p>\n","protected":false},"excerpt":{"rendered":"<p>Admisiones: Sra. L\u00f3pezadmisiones@liceocaguas.com Asistencia Econ\u00f3mica: Sra. Cintr\u00f3nasistenciaeconomica@liceocaguas.com Colocaciones: Sra. Hern\u00e1ndezcolocaciones@liceocaguas.com Consejer\u00eda: Sra. Cabreraconsejeria@liceocaguas.com Registradur\u00eda: Sra. V\u00e1zquezregistraduria@liceocaguas.com Tesorer\u00eda: Sra. Cruztesoraria@liceocaguas.com<\/p>\n","protected":false},"author":1,"featured_media":0,"parent":0,"menu_order":0,"comment_status":"closed","ping_status":"closed","template":"","meta":{"om_disable_all_campaigns":false,"_monsterinsights_skip_tracking":false,"_monsterinsights_sitenote_active":false,"_monsterinsights_sitenote_note":"","_monsterinsights_sitenote_category":0,"footnotes":""},"class_list":["post-9251","page","type-page","status-publish","hentry"],"aioseo_notices":[],"jetpack_sharing_enabled":true,"_links":{"self":[{"href":"http:\/\/liceocaguas.com\/home2\/wp-json\/wp\/v2\/pages\/9251","targetHints":{"allow":["GET"]}}],"collection":[{"href":"http:\/\/liceocaguas.com\/home2\/wp-json\/wp\/v2\/pages"}],"about":[{"href":"http:\/\/liceocaguas.com\/home2\/wp-json\/wp\/v2\/types\/page"}],"author":[{"embeddable":true,"href":"http:\/\/liceocaguas.com\/home2\/wp-json\/wp\/v2\/users\/1"}],"replies":[{"embeddable":true,"href":"http:\/\/liceocaguas.com\/home2\/wp-json\/wp\/v2\/comments?post=9251"}],"version-history":[{"count":6,"href":"http:\/\/liceocaguas.com\/home2\/wp-json\/wp\/v2\/pages\/9251\/revisions"}],"predecessor-version":[{"id":24202,"href":"http:\/\/liceocaguas.com\/home2\/wp-json\/wp\/v2\/pages\/9251\/revisions\/24202"}],"wp:attachment":[{"href":"http:\/\/liceocaguas.com\/home2\/wp-json\/wp\/v2\/media?parent=9251"}],"curies":[{"name":"wp","href":"https:\/\/api.w.org\/{rel}","templated":true}]}}