{"id":50,"date":"2012-06-12T16:56:51","date_gmt":"2012-06-12T16:56:51","guid":{"rendered":"http:\/\/liceocaguas.com\/home2\/?page_id=50"},"modified":"2012-10-01T19:37:07","modified_gmt":"2012-10-01T19:37:07","slug":"quienes-somos","status":"publish","type":"page","link":"http:\/\/liceocaguas.com\/home2\/quienes-somos\/","title":{"rendered":"Qui\u00e9nes somos"},"content":{"rendered":"<p><a href=\"http:\/\/liceocaguas.com\/home2\/wp-content\/uploads\/2012\/06\/featBuildingBanner.jpg\"><img loading=\"lazy\" decoding=\"async\" class=\"alignnone size-full wp-image-172\" title=\"featBuildingBanner\" src=\"http:\/\/liceocaguas.com\/home2\/wp-content\/uploads\/2012\/06\/featBuildingBanner.jpg\" alt=\"\" width=\"913\" height=\"191\" srcset=\"http:\/\/liceocaguas.com\/home2\/wp-content\/uploads\/2012\/06\/featBuildingBanner.jpg 913w, http:\/\/liceocaguas.com\/home2\/wp-content\/uploads\/2012\/06\/featBuildingBanner-300x62.jpg 300w\" sizes=\"auto, (max-width: 913px) 100vw, 913px\" \/><\/a><\/p>\n<div class=\"one_half\">\n<h1>Bienvenidos al Liceo de Arte, Dise\u00f1o y Comercio<\/h1>\n<p style=\"text-align: justify;\">Nuestra instituci\u00f3n fue fundada hace m\u00e1s de veinticinco a\u00f1os como una de tipo T\u00e9cnica Post-Secundaria con el compromiso de ofrecer carreras educativas de amplio potencial de acuerdo a las exigencias del cambiante mundo laboral.<\/p>\n<p style=\"text-align: justify;\">Durante sus primeros a\u00f1os comenz\u00f3 con programas de Alta Costura, Florister\u00eda Comercial y Sastrer\u00eda entre otros. Somos una de las primeras Instituciones Post-Secundarias en tener aprobado el curr\u00edculo de Organizaci\u00f3n, Administraci\u00f3n y Desarrollo de un Centro de Cuidado Infantil en Puerto Rico.<\/p>\n<p style=\"text-align: justify;\">La Instituci\u00f3n es miembro acreditada por la \u201cAccrediting Commission of Career Schools and Colleges (ACCSC)\u201d y est\u00e1 autorizada por el Consejo de Educaci\u00f3n de Puerto Rico. Tambi\u00e9n est\u00e1 certificada por el Departamento de Educaci\u00f3n Federal para participar en los programas de T\u00edtulo IV.<\/p>\n<p style=\"text-align: justify;\">Luego de estos m\u00e1s de veinticinco a\u00f1os la clave para el \u00e9xito alcanzado se debe a nuestra excelente facultad. Su sentido de compromiso, lealtad, preparaci\u00f3n y una vasta experiencia en el campo laboral, lo que nos convierte en una Instituci\u00f3n vanguardista y preparada para cumplir con las expectativas de nuestros estudiantes.<\/p>\n<\/div>\n<div class=\"one_half last\">\n<h1>Mensaje de la Presidenta<\/h1>\n<p>Saludos:<\/p>\n<p style=\"text-align: justify;\">Bienvenido al Liceo de Arte, Dise\u00f1o y Comercio en Caguas, Puerto Rico. Te agradecemos el que hayas tomado de tu tiempo para acceder nuestra p\u00e1gina. La Administraci\u00f3n, la Facultad y todo el Personal de esta Instituci\u00f3n somos responsables de la motivaci\u00f3n genuina que nos mueve d\u00eda a d\u00eda para ofrecerte un ambiente propicio para tus estudios y que puedas alcanzar tus metas.<\/p>\n<p style=\"text-align: justify;\" align=\"justify\">Hoy comienzas la b\u00fasqueda de oportunidades acad\u00e9micas que te permitan transformar tu futuro. Tu futuro comienza hoy; te invito a que nos visites y compruebes nuestro gran ambiente de estudios que junto a una insuperable calidad de ense\u00f1anza har\u00e1n tu experiencia \u00fanica.<\/p>\n<p>Perm\u00edtenos ser parte de tu futuro, \u00a1Exitos!<\/p>\n<p>Betty Cab\u00e1n Miranda<\/p>\n<\/div>\n<div class=\"clearboth\"><\/div>\n<div class=\"separation-line-2\"><\/div>\n<p>Estamos acreditados por ACCSC.<\/p>\n<p>&nbsp;<\/p>\n","protected":false},"excerpt":{"rendered":"<p>Estamos acreditados por ACCSC. &nbsp;<\/p>\n","protected":false},"author":1,"featured_media":0,"parent":0,"menu_order":0,"comment_status":"open","ping_status":"open","template":"full-page.php","meta":{"om_disable_all_campaigns":false,"_monsterinsights_skip_tracking":false,"_monsterinsights_sitenote_active":false,"_monsterinsights_sitenote_note":"","_monsterinsights_sitenote_category":0,"footnotes":""},"class_list":["post-50","page","type-page","status-publish","hentry"],"aioseo_notices":[],"jetpack_sharing_enabled":true,"_links":{"self":[{"href":"http:\/\/liceocaguas.com\/home2\/wp-json\/wp\/v2\/pages\/50","targetHints":{"allow":["GET"]}}],"collection":[{"href":"http:\/\/liceocaguas.com\/home2\/wp-json\/wp\/v2\/pages"}],"about":[{"href":"http:\/\/liceocaguas.com\/home2\/wp-json\/wp\/v2\/types\/page"}],"author":[{"embeddable":true,"href":"http:\/\/liceocaguas.com\/home2\/wp-json\/wp\/v2\/users\/1"}],"replies":[{"embeddable":true,"href":"http:\/\/liceocaguas.com\/home2\/wp-json\/wp\/v2\/comments?post=50"}],"version-history":[{"count":28,"href":"http:\/\/liceocaguas.com\/home2\/wp-json\/wp\/v2\/pages\/50\/revisions"}],"predecessor-version":[{"id":65,"href":"http:\/\/liceocaguas.com\/home2\/wp-json\/wp\/v2\/pages\/50\/revisions\/65"}],"wp:attachment":[{"href":"http:\/\/liceocaguas.com\/home2\/wp-json\/wp\/v2\/media?parent=50"}],"curies":[{"name":"wp","href":"https:\/\/api.w.org\/{rel}","templated":true}]}}